{"id":122,"date":"2025-04-20T16:30:01","date_gmt":"2025-04-20T14:30:01","guid":{"rendered":"https:\/\/bcpd2025fmabloc3.shop\/?page_id=122"},"modified":"2025-04-20T19:09:23","modified_gmt":"2025-04-20T17:09:23","slug":"maquillage","status":"publish","type":"page","link":"https:\/\/bcpd2025fmabloc3.shop\/index.php\/maquillage\/","title":{"rendered":"Adopt vous maquille !"},"content":{"rendered":"<div data-block-name=\"woocommerce\/single-product\" data-product-id=\"204\" class=\"wp-block-woocommerce-single-product woocommerce\"><div class=\"wp-block-columns is-layout-flex wp-container-core-columns-is-layout-28f84493 wp-block-columns-is-layout-flex\"><div class=\"wp-block-column is-layout-flow wp-block-column-is-layout-flow\"><\/div><\/div><\/div><div data-block-name=\"woocommerce\/single-product\" data-product-id=\"158\" class=\"wp-block-woocommerce-single-product woocommerce\"><div class=\"wp-block-columns is-layout-flex wp-container-core-columns-is-layout-28f84493 wp-block-columns-is-layout-flex\"><div class=\"wp-block-column is-layout-flow wp-block-column-is-layout-flow\"><div data-block-name=\"woocommerce\/product-image\" data-is-descendent-of-single-product-block=\"true\" data-show-sale-badge=\"false\" class=\"wc-block-components-product-image wc-block-grid__product-image wp-block-woocommerce-product-image\">\n\t\t\t\t\t<a href=\"https:\/\/bcpd2025fmabloc3.shop\/index.php\/\/produit\/party-kit\/\" style=\"\" data-wp-on--click=\"woocommerce\/product-collection::actions.viewProduct\"> <img loading=\"lazy\" decoding=\"async\" width=\"600\" height=\"400\" src=\"https:\/\/bcpd2025fmabloc3.shop\/wp-content\/uploads\/2025\/04\/makeup-2824659_960_720-600x400.jpg\" class=\"attachment-woocommerce_single size-woocommerce_single\" alt=\"Party kit\" data-testid=\"product-image\" style=\"max-width:none;object-fit:cover;\" title=\"makeup-2824659_960_720\" srcset=\"https:\/\/bcpd2025fmabloc3.shop\/wp-content\/uploads\/2025\/04\/makeup-2824659_960_720-600x400.jpg 600w, https:\/\/bcpd2025fmabloc3.shop\/wp-content\/uploads\/2025\/04\/makeup-2824659_960_720-300x200.jpg 300w, https:\/\/bcpd2025fmabloc3.shop\/wp-content\/uploads\/2025\/04\/makeup-2824659_960_720-768x512.jpg 768w, https:\/\/bcpd2025fmabloc3.shop\/wp-content\/uploads\/2025\/04\/makeup-2824659_960_720.jpg 960w\" sizes=\"auto, (max-width: 600px) 100vw, 600px\" \/><\/a>\n\t\t\t\t<\/div><\/div>\n\n<div class=\"wp-block-column is-layout-flow wp-block-column-is-layout-flow\"><h2 class=\"has-link-color wp-elements-a9894dc1382773c04444939a4a2ec1a8 wp-block-post-title has-text-color has-custom-color-3-color\"><a href=\"https:\/\/bcpd2025fmabloc3.shop\/index.php\/\/produit\/party-kit\/\" target=\"_self\" >Party kit<\/a><\/h2>\n\n<div data-block-name=\"woocommerce\/product-price\" data-is-descendent-of-single-product-block=\"true\" data-style=\"{&quot;elements&quot;:{&quot;link&quot;:{&quot;color&quot;:{&quot;text&quot;:&quot;var:preset|color|custom-color-2&quot;}}}}\" data-text-color=\"custom-color-2\" class=\"wp-block-woocommerce-product-price wp-elements-fc8871429701dfaeade912f1cfbdfaf5\"><div class=\"wc-block-components-product-price wc-block-grid__product-price  has-text-color has-custom-color-2-color wp-elements-fc8871429701dfaeade912f1cfbdfaf5\" style=\"\">\n\t\t\t\t\t<span class=\"woocommerce-Price-amount amount\"><bdi>12,99&nbsp;<span class=\"woocommerce-Price-currencySymbol\">&euro;<\/span><\/bdi><\/span>\n\t\t\t\t<\/div><\/div>\n\n<div data-block-name=\"woocommerce\/product-summary\" data-is-descendent-of-single-product-block=\"true\" data-style=\"{&quot;elements&quot;:{&quot;link&quot;:{&quot;color&quot;:{&quot;text&quot;:&quot;var:preset|color|custom-color-3&quot;}}}}\" data-text-color=\"custom-color-3\" class=\"wp-block-woocommerce-product-summary wp-elements-1696b2c43785c7a23586f99037f0979e\"><div class=\"wc-block-components-product-summary has-text-color has-custom-color-3-color wp-elements-1696b2c43785c7a23586f99037f0979e\" style=\"\">\n\t\t\t\t<p>Abordez vos soir\u00e9es avec ce kit id\u00e9al pour booster votre rayonnement cutan\u00e9 !<\/p>\n\n\t\t\t<\/div><\/div>\n\n<div data-block-name=\"woocommerce\/add-to-cart-form\" class=\"wp-block-add-to-cart-form wc-block-add-to-cart-form wc-block-add-to-cart-form--input wp-block-woocommerce-add-to-cart-form\" >\n\t\n\t<form class=\"cart\" action=\"https:\/\/bcpd2025fmabloc3.shop\/index.php\/\/produit\/party-kit\/\" method=\"post\" enctype='multipart\/form-data'>\n\t\t\n\t\t<div class=\"quantity\">\n\t\t<label class=\"screen-reader-text\" for=\"quantity_69e4db36354da\">Party kit quantity<\/label>\n\t<input\n\t\ttype=\"number\"\n\t\t\t\tid=\"quantity_69e4db36354da\"\n\t\tclass=\"input-text qty text\"\n\t\tname=\"quantity\"\n\t\tvalue=\"1\"\n\t\taria-label=\"Product quantity\"\n\t\t\t\tmin=\"1\"\n\t\tmax=\"\"\n\t\t\t\t\tstep=\"1\"\n\t\t\tplaceholder=\"\"\n\t\t\tinputmode=\"numeric\"\n\t\t\tautocomplete=\"off\"\n\t\t\t\/>\n\t<\/div>\n\n\t\t<button type=\"submit\" name=\"add-to-cart\" value=\"158\" class=\"single_add_to_cart_button button alt wp-element-button\">Add to cart<\/button>\n\n\t\t\t<\/form>\n\n\t\n<\/div>\n\n<div data-block-name=\"woocommerce\/product-meta\" class=\"wp-block-woocommerce-product-meta\"><div class=\"wp-block-group is-nowrap is-layout-flex wp-container-core-group-is-layout-6c531013 wp-block-group-is-layout-flex\"><\/div><\/div><\/div><\/div><\/div><div data-block-name=\"woocommerce\/single-product\" data-product-id=\"155\" class=\"wp-block-woocommerce-single-product woocommerce\"><div class=\"wp-block-columns is-layout-flex wp-container-core-columns-is-layout-28f84493 wp-block-columns-is-layout-flex\"><div class=\"wp-block-column is-layout-flow wp-block-column-is-layout-flow\"><div data-block-name=\"woocommerce\/product-image\" data-is-descendent-of-single-product-block=\"true\" data-show-sale-badge=\"false\" class=\"wc-block-components-product-image wc-block-grid__product-image wp-block-woocommerce-product-image\">\n\t\t\t\t\t<a href=\"https:\/\/bcpd2025fmabloc3.shop\/index.php\/\/produit\/coffre-brilliant-skin\/\" style=\"\" data-wp-on--click=\"woocommerce\/product-collection::actions.viewProduct\"> <img loading=\"lazy\" decoding=\"async\" width=\"600\" height=\"393\" src=\"https:\/\/bcpd2025fmabloc3.shop\/wp-content\/uploads\/2025\/04\/cosmetics-259181_960_720-e1745164817736-600x393.jpg\" class=\"attachment-woocommerce_single size-woocommerce_single\" alt=\"Coffret brilliant skin\" data-testid=\"product-image\" style=\"max-width:none;object-fit:cover;\" title=\"cosmetics-259181_960_720\" srcset=\"https:\/\/bcpd2025fmabloc3.shop\/wp-content\/uploads\/2025\/04\/cosmetics-259181_960_720-e1745164817736-600x393.jpg 600w, https:\/\/bcpd2025fmabloc3.shop\/wp-content\/uploads\/2025\/04\/cosmetics-259181_960_720-e1745164817736-300x196.jpg 300w, https:\/\/bcpd2025fmabloc3.shop\/wp-content\/uploads\/2025\/04\/cosmetics-259181_960_720-e1745164817736.jpg 704w\" sizes=\"auto, (max-width: 600px) 100vw, 600px\" \/><\/a>\n\t\t\t\t<\/div><\/div>\n\n<div class=\"wp-block-column is-layout-flow wp-block-column-is-layout-flow\"><h2 class=\"has-link-color wp-elements-a9894dc1382773c04444939a4a2ec1a8 wp-block-post-title has-text-color has-custom-color-3-color\"><a href=\"https:\/\/bcpd2025fmabloc3.shop\/index.php\/\/produit\/coffre-brilliant-skin\/\" target=\"_self\" >Coffret brilliant skin<\/a><\/h2>\n\n<div data-block-name=\"woocommerce\/product-price\" data-is-descendent-of-single-product-block=\"true\" data-style=\"{&quot;elements&quot;:{&quot;link&quot;:{&quot;color&quot;:{&quot;text&quot;:&quot;var:preset|color|custom-color-2&quot;}}}}\" data-text-color=\"custom-color-2\" class=\"wp-block-woocommerce-product-price wp-elements-fc8871429701dfaeade912f1cfbdfaf5\"><div class=\"wc-block-components-product-price wc-block-grid__product-price  has-text-color has-custom-color-2-color wp-elements-fc8871429701dfaeade912f1cfbdfaf5\" style=\"\">\n\t\t\t\t\t<del aria-hidden=\"true\"><span class=\"woocommerce-Price-amount amount\"><bdi>24,99&nbsp;<span class=\"woocommerce-Price-currencySymbol\">&euro;<\/span><\/bdi><\/span><\/del> <span class=\"screen-reader-text\">Original price was: 24,99&nbsp;&euro;.<\/span><ins aria-hidden=\"true\"><span class=\"woocommerce-Price-amount amount\"><bdi>20,99&nbsp;<span class=\"woocommerce-Price-currencySymbol\">&euro;<\/span><\/bdi><\/span><\/ins><span class=\"screen-reader-text\">Current price is: 20,99&nbsp;&euro;.<\/span>\n\t\t\t\t<\/div><\/div>\n\n<div data-block-name=\"woocommerce\/product-summary\" data-is-descendent-of-single-product-block=\"true\" data-style=\"{&quot;elements&quot;:{&quot;link&quot;:{&quot;color&quot;:{&quot;text&quot;:&quot;var:preset|color|custom-color-3&quot;}}}}\" data-text-color=\"custom-color-3\" class=\"wp-block-woocommerce-product-summary wp-elements-1696b2c43785c7a23586f99037f0979e\"><div class=\"wc-block-components-product-summary has-text-color has-custom-color-3-color wp-elements-1696b2c43785c7a23586f99037f0979e\" style=\"\">\n\t\t\t\t<p>Votre teint magnifi\u00e9 gr\u00e2ce \u00e0 ce coffret contenant tous vos essentiels !<\/p>\n\n\t\t\t<\/div><\/div>\n\n<div data-block-name=\"woocommerce\/add-to-cart-form\" class=\"wp-block-add-to-cart-form wc-block-add-to-cart-form wc-block-add-to-cart-form--input wp-block-woocommerce-add-to-cart-form\" >\n\t\n\t<form class=\"cart\" action=\"https:\/\/bcpd2025fmabloc3.shop\/index.php\/\/produit\/coffre-brilliant-skin\/\" method=\"post\" enctype='multipart\/form-data'>\n\t\t\n\t\t<div class=\"quantity\">\n\t\t<label class=\"screen-reader-text\" for=\"quantity_69e4db3637a6f\">Coffret brilliant skin quantity<\/label>\n\t<input\n\t\ttype=\"number\"\n\t\t\t\tid=\"quantity_69e4db3637a6f\"\n\t\tclass=\"input-text qty text\"\n\t\tname=\"quantity\"\n\t\tvalue=\"1\"\n\t\taria-label=\"Product quantity\"\n\t\t\t\tmin=\"1\"\n\t\tmax=\"\"\n\t\t\t\t\tstep=\"1\"\n\t\t\tplaceholder=\"\"\n\t\t\tinputmode=\"numeric\"\n\t\t\tautocomplete=\"off\"\n\t\t\t\/>\n\t<\/div>\n\n\t\t<button type=\"submit\" name=\"add-to-cart\" value=\"155\" class=\"single_add_to_cart_button button alt wp-element-button\">Add to cart<\/button>\n\n\t\t\t<\/form>\n\n\t\n<\/div>\n\n<div data-block-name=\"woocommerce\/product-meta\" class=\"wp-block-woocommerce-product-meta\"><\/div><\/div><\/div><\/div>","protected":false},"excerpt":{"rendered":"","protected":false},"author":1,"featured_media":0,"parent":0,"menu_order":0,"comment_status":"closed","ping_status":"closed","template":"","meta":{"footnotes":""},"class_list":["post-122","page","type-page","status-publish","hentry"],"jetpack_sharing_enabled":true,"_links":{"self":[{"href":"https:\/\/bcpd2025fmabloc3.shop\/index.php\/wp-json\/wp\/v2\/pages\/122","targetHints":{"allow":["GET"]}}],"collection":[{"href":"https:\/\/bcpd2025fmabloc3.shop\/index.php\/wp-json\/wp\/v2\/pages"}],"about":[{"href":"https:\/\/bcpd2025fmabloc3.shop\/index.php\/wp-json\/wp\/v2\/types\/page"}],"author":[{"embeddable":true,"href":"https:\/\/bcpd2025fmabloc3.shop\/index.php\/wp-json\/wp\/v2\/users\/1"}],"replies":[{"embeddable":true,"href":"https:\/\/bcpd2025fmabloc3.shop\/index.php\/wp-json\/wp\/v2\/comments?post=122"}],"version-history":[{"count":6,"href":"https:\/\/bcpd2025fmabloc3.shop\/index.php\/wp-json\/wp\/v2\/pages\/122\/revisions"}],"predecessor-version":[{"id":231,"href":"https:\/\/bcpd2025fmabloc3.shop\/index.php\/wp-json\/wp\/v2\/pages\/122\/revisions\/231"}],"wp:attachment":[{"href":"https:\/\/bcpd2025fmabloc3.shop\/index.php\/wp-json\/wp\/v2\/media?parent=122"}],"curies":[{"name":"wp","href":"https:\/\/api.w.org\/{rel}","templated":true}]}}